digit of p(7)?
1
Suppose -4 = m + 2*m + 5*c, 2*m + c - 2 = 0. Let f(t) = 2*t - 4*t - 4 - m*t - 27. What is the units digit of f(-21)?
3
Suppose -52 = -4*o + 44. Suppose -a + 43 = -3*g, -19*g + 39 = a - o*g. What is the units digit of a?
9
Suppose 0 = p + 2*l - 52553, -l = -3*p + 14632 + 143006. What is the tens digit of p?
4
Suppose 830*b - 814*b - 31904 = 0. What is the units digit of b?
4
Let q be 33*462/18*1. Suppose 20*y - 27*y = -q. What is the hundreds digit of y?
1
Suppose -85*i = -1451330 + 81895. What is the ten thousands digit of i?
1
Let p = -37 + 47. Let w be (p + -4)*(-68)/2 - 3. Let k = 304 + w. What is the tens digit of k?
9
Let o = 21807 - 21811. Suppose 3*k = -4*z + 440, 4*z + 3 - 147 = -k. Let a = k + o. What is the units digit of a?
4
Suppose 69890 + 93946 = 2*w + 16*w. What is the tens digit of w?
0
Let n(z) = 4*z**2 + 56*z - 250. What is the hundreds digit of n(22)?
9
Suppose 87*m - 17*m - 83440 = 0. What is the thousands digit of m?
1
Let l(j) = 9*j**2 - 30. Let x be l(7). Suppose 2*p = -c + x, -c + p + 432 - 15 = 0. What is the hundreds digit of c?
4
Suppose 0 = z + i - 47681, -2*i + 241807 = 8*z - 139611. What is the hundreds digit of z?
6
Let y = 42 + -27. Suppose y*l = 6*l + 99. Suppose -3*g = -l*g + 264. What is the tens digit of g?
3
Let v = -22 + -72. Suppose 262 = 13*k - 12*k. Let y = v + k. What is the units digit of y?
8
Suppose 0 = 688*h - 713*h + 369100. What is the hundreds digit of h?
7
Let z be (-6)/(-8) - (-716)/(-16). Let w(u) = -3*u**2 + 101*u + 8. Let b be w(33). Let x = b + z. What is the units digit of x?
0
Let k(s) = -s + 2. Let n be k(13). Let y(u) = -13*u**2 - 4*u + 35. Let z be y(n). What is the hundreds digit of z/(-10) + (-36)/90?
1
Let c = 1864 - 1859. Suppose o - 5*x + 23 = 8, 3*o + 2*x - 6 = 0. Suppose 3*t - c*t + 314 = o. What is the tens digit of t?
5
Let p(n) = 68*n**2 + 72*n - 1742. What is the units digit of p(21)?
8
Let t be 110 + -110 - (-1)/(2/(-328)). Let g = t - -277. What is the units digit of g?
3
Let c(a) = 22 + 15 + 3 - 7 + 4*a. Let m be c(-21). What is the units digit of (m/(-1))/((-3)/(-24)*6)?
8
Let r be (40/(-14))/((-12)/210). Let j be 46/10 + 20/r. Suppose l + 3*y + 96 = 4*l, j*l - 172 = -y. What is the tens digit of l?
3
Let h(t) = -14*t - 31. Let s be h(-11). Let y = s - -307. What is the tens digit of y?
3
What is the tens digit of ((-118)/(-59))/((-2)/(-1849))?
4
Suppose 92*i - 28580 = 82*i. Suppose -i - 572 = -10*v. What is the hundreds digit of v?
3
Suppose 9*i - 66*i + 18*i + 598377 = 0. What is the hundreds digit of i?
3
Let a(d) = -1 + 28*d**2 - 3 - 6 - 5*d - 5 - 5*d. What is the hundreds digit of a(3)?
2
Let i(d) = -d**3 - 14*d**2 - 54*d + 8. Let y be i(-7). Suppose -y*c + 16*c = -41958. What is the tens digit of c?
5
Suppose -1011674 = 24*l - 182*l. What is the hundreds digit of l?
4
What is the ten thousands digit of (-1 - (-401027)/33) + 4/6?
1
Let u = 91 + -11. Let h be (-4)/(u/(-52)) - (-3)/(-5). Suppose -133 = -2*x - q - 2*q, h*x + 5*q - 123 = 0. What is the units digit of x?
4
Let c(g) = -g**3 - 25*g**2 - 50*g + 26. Let z be c(-22). Let p = z + 416. What is the tens digit of p?
9
What is the tens digit of ((-4606959)/(-1018))/(2*(-6)/(-16))?
3
Let g = -1 + 5. Let s be 0 + g*6/(-32)*-4. What is the tens digit of 122*1 - (s + 15/(-5))?
2
Let w = -61 - 8. Let r = -119 - w. Let x = -44 - r. What is the units digit of x?
6
Let j(m) = -m**3 + 8*m**2 + 15*m - 8. Let x be (85/(-15) + 1)/((-4)/6). What is the hundreds digit of j(x)?
1
Let b be (-4)/1*(2/4 - -1). What is the thousands digit of 1221 + (1 - 4) - (b + 2)?
1
Let u be 9*10/(-90)*24. Let g = 206 + -117. Let x = u + g. What is the tens digit of x?
6
Let p = 425 - -483. Suppose -4*i - 8 = 0, l + 2*l - p = 4*i. What is the hundreds digit of l?
3
Let v = -8313 + 20453. What is the tens digit of v?
4
Let u(p) = 271*p**2 - 34*p - 209. What is the hundreds digit of u(-8)?
4
Let r = -5008 + 7175. What is the units digit of r?
7
Suppose 20*m - 22795 = -2*n + 23*m, -3*n = -2*m - 34200. What is the ten thousands digit of n?
1
Let a be (-18)/45*4*-5. Suppose -a*s + 4*s = 72. Let p = s + 44. What is the tens digit of p?
2
Let i = -133 - -133. What is the tens digit of -5 - -198 - i/1?
9
Let z be ((-12)/16)/((-24)/(-64)). What is the units digit of 11/((-22)/(-6)) + (-790)/z?
8
Suppose -272 = -3*a + 5*k, 0*k + k = 2*a - 172. Suppose 0 = -y - 38 + a. Suppose -r = 4*r, -2*h + y = 3*r. What is the units digit of h?
3
Suppose -5*i - 1604 = -7409. What is the units digit of i/3 - ((-1 - 0) + 3)?
5
Let l(u) = -5*u**2 + u + 6. Let i(q) = 3*q**2 - q - 3. Let w(f) = 11*i(f) + 6*l(f). Let c be w(6). What is the units digit of (c/18)/((-1)/(-12))?
4
What is the tens digit of (-784992)/(-74) + 2 + 4?
1
Suppose -2*a + 505 = 5*r, -r + 4*a + 83 = -40. Let k = -103 + r. Suppose k = -w - w - c + 317, 5*w = -4*c + 797. What is the units digit of w?
7
Let n(a) = -886*a - 344. What is the units digit of n(-12)?
8
Suppose -5*h + 0*r = -r - 167, 0 = 5*h + 2*r - 161. Suppose -h*t + 205 = -32*t. Let s = t - 38. What is the hundreds digit of s?
1
Let d(z) = -z**3 + 30*z**2 + z - 12. Let c be d(13). Suppose -4*o + c = -n, -4*n - 620 - 810 = -2*o. What is the tens digit of o?
1
Suppose -4*u + 3*x + 34586 = 0, 5*u = 1781*x - 1777*x + 43232. What is the thousands digit of u?
8
Suppose -4*v - 81 = -53. Let y(q) = -41*q + 21. Let b be y(v). Suppose 9*z - b = 7*z. What is the hundreds digit of z?
1
Let s be (46/161)/((-1)/21). What is the hundreds digit of (0 + 499 - s) + -2?
5
Suppose 2*h - 3*q + q + 244 = 0, 2*h - 3*q + 245 = 0. Let c = 181 + h. What is the tens digit of c?
6
Let w = -15962 - -39511. What is the tens digit of w?
4
Suppose -2*d - 5*g = -565, -6*d + 3*d + 3*g + 795 = 0. Let j = d + -584. Let h = 527 + j. What is the hundreds digit of h?
2
Suppose -22*f = -456257 - 165683. What is the ten thousands digit of f?
2
Let i(u) = 1554*u - 5956. What is the tens digit of i(23)?
8
Let h(a) = a**2 + 4*a - 4. Let k be h(6). Suppose -k*f - 2124 = -62*f. What is the hundreds digit of f?
3
Let i(h) = -h**3 + 9*h**2 + 19*h - 11. Let q be i(8). Suppose -q*a + 207*a - 4148 = 0. What is the units digit of (-13)/4 + 3 - a/(-8)?
9
Let c(s) = 23*s**2 + 2*s - 9. Let h be c(4). Let a = -175 + h. What is the units digit of a?
2
Suppose -6*n = -11*n - 5, 0 = 3*g + 2*n - 7. Suppose 0 = 2*c - 4*l + 36, g*l + 3 = -5*c - 87. What is the units digit of (c/24)/((-1)/52)?
9
Let r = 4159 - -3947. What is the tens digit of r?
0
Let q(t) = -183*t - 112. Suppose -2185*k = -2192*k - 56. What is the tens digit of q(k)?
5
Let d(i) = -i**3 + 10*i**2 + 12*i - 3. Let p be d(12). Let w = 319 + p. What is the units digit of w?
2
Suppose -2*c + j = -14887, -10*j - 37240 = c - 6*c. What is the hundreds digit of c?
4
Let n(r) = -310*r - 241. What is the units digit of n(-6)?
9
Suppose -18343 = -72*w + 81017. What is the units digit of w?
0
Let n be 4 + (3*-1 - (-42)/(-6)). What is the hundreds digit of (-1662)/n + (-1)/3*3?
2
Let s be 30/16 - 6/(-48). Suppose s*a + v - 1140 = 327, -3*a - v = -2203. What is the hundreds digit of a?
7
Suppose -133*i + 134*i = 6. Suppose 5*b = 4*m + 1780, 3*m = -9 - i. What is the hundreds digit of b?
3
Let q(l) be the third derivative of 9*l**4/8 - 11*l**3 + 4*l**2 - 10*l. What is the hundreds digit of q(14)?
3
Let s = -383 - -640. Suppose 2*b + s - 1255 = 0. What is the tens digit of b?
9
What is the units digit of (3*21/(-18))/(6/(-6804))?
9
Suppose 9*f - 10 = -f. Let s(j) = 1. Let t(o) = 35*o - 10. Let v(r) = f*t(r) + 15*s(r). What is the units digit of v(2)?
5
Let l(b) = b + 9. Let n be l(-7). Suppose 2*f - 6 = n*h, 4*h + 5*f - 8 - 7 = 0. Suppose h*w + 378 = 2*w. What is the units digit of w?
9
Let p(d) = -4*d**2 - 8*d + 9. Let j(v) = v**2 - 1. Let u(r) = -6*j(r) - 2*p(r). What is the tens digit of u(-11)?
5
What is the thousands digit of (-7045)/(1/7 + 344/(-301))?
7
Suppose -2*r = -3*s + 55, -2*r - 34 = 3*s - 5*s. Suppose -l - 4*w + s = 0, -3*l + w - 9 = -7*l. Let t(v) = 81*v. What is the units digit of t(l)?
1
Let u = -205 - -203. What is the tens digit of (-826)/u - (16 + -20)?
1
Let h(u) = -u. Let r(a) be the second derivative of -17*a**3/6 - 19*a**2/2 + 21*a. Let i(d) = -6*h(d) + r(d). What is the hundreds digit of i(-15)?
1
Let y(m) =